atest common divisor of 24783980 and 4275.
95
What is the greatest common divisor of 87586488 and 4752?
2376
What is the highest common factor of 496232 and 9856?
88
Calculate the greatest common divisor of 300 and 2228550.
150
Calculate the greatest common divisor of 1802 and 2000203.
17
Calculate the highest common factor of 50432 and 360000.
64
Calculate the highest common divisor of 4855603 and 2021.
43
What is the highest common factor of 15325497 and 27?
27
Calculate the greatest common factor of 8092 and 318512.
68
Calculate the greatest common divisor of 452393348 and 16698.
5566
What is the greatest common divisor of 907703679 and 149?
149
What is the greatest common factor of 479128 and 13000?
104
Calculate the highest common divisor of 5826 and 23826398.
1942
What is the greatest common factor of 9962143 and 40673?
457
What is the greatest common divisor of 21425 and 3229200?
25
What is the greatest common divisor of 159291054 and 663?
663
Calculate the highest common divisor of 30203221 and 813.
271
What is the highest common factor of 19773 and 127647?
117
What is the highest common divisor of 14679581 and 14?
7
Calculate the highest common factor of 10631406 and 463.
463
What is the greatest common divisor of 1507 and 11073299?
137
Calculate the highest common factor of 2493 and 380071977.
831
What is the highest common factor of 42360949 and 383?
383
Calculate the highest common factor of 63 and 14090433.
21
What is the greatest common factor of 61013760 and 32?
32
What is the greatest common factor of 319 and 143564819?
29
Calculate the highest common divisor of 66834360 and 720.
360
What is the greatest common factor of 10443280 and 19840?
2480
What is the greatest common factor of 6496972 and 5359?
233
Calculate the greatest common divisor of 298000 and 336144.
2384
Calculate the greatest common factor of 965576 and 77816.
1096
What is the greatest common divisor of 3182388 and 48?
12
What is the greatest common factor of 7216 and 137664593?
451
What is the greatest common divisor of 72337214 and 1562?
142
What is the highest common factor of 45715 and 64?
1
What is the greatest common factor of 47703135 and 120?
15
What is the highest common factor of 1071 and 77601?
3
What is the highest common factor of 263026266 and 366?
366
Calculate the greatest common divisor of 25825 and 14752273.
1033
Calculate the highest common divisor of 71362856 and 63040.
1576
What is the highest common divisor of 134173459 and 38?
19
What is the greatest common divisor of 179 and 32280323?
179
What is the greatest common factor of 15211572 and 24?
12
What is the greatest common divisor of 26086769 and 219?
73
What is the highest common factor of 917995112 and 8?
8
Calculate the greatest common factor of 37214 and 77257.
23
Calculate the greatest common factor of 1024 and 422336.
64
Calculate the greatest common divisor of 71642506 and 74802.
3562
What is the highest common divisor of 36870 and 34170?
30
Calculate the greatest common factor of 242386287 and 1144.
143
What is the highest common divisor of 156 and 8529651?
39
What is the greatest common divisor of 341665395 and 5?
5
What is the highest common factor of 6943120 and 590?
590
What is the highest common factor of 124855225 and 2750?
275
Calculate the greatest common divisor of 1827042 and 4592.
574
Calculate the highest common factor of 1672 and 1380952.
8
What is the greatest common factor of 6063 and 208346911?
2021
What is the highest common factor of 9666 and 192942?
54
What is the highest common factor of 238828653 and 371?
371
Calculate the highest common factor of 278640834 and 2.
2
What is the greatest common divisor of 337210182 and 2097?
2097
Calculate the greatest common factor of 24414730 and 18918.
2102
Calculate the greatest common factor of 5039112 and 25792.
3224
Calculate the highest common factor of 5005660 and 90.
10
What is the greatest common factor of 15715939 and 240516?
2227
Calculate the highest common factor of 3557363 and 10147.
73
Calculate the greatest common divisor of 102488 and 99820.
92
What is the highest common divisor of 147246 and 510899?
2231
Calculate the greatest common divisor of 5858 and 5184734.
202
What is the highest common divisor of 330891656 and 658?
94
Calculate the greatest common factor of 7227584 and 623168.
5824
Calculate the highest common divisor of 253745 and 413820.
95
What is the greatest common divisor of 836552 and 22472?
424
What is the highest common factor of 6 and 1602876?
6
Calculate the greatest common factor of 6842 and 1820594.
622
Calculate the greatest common factor of 136884495 and 435.
435
Calculate the highest common divisor of 18 and 273976929.
9
Calculate the highest common factor of 12479281 and 1112.
139
Calculate the highest common factor of 300 and 51270.
30
Calculate the highest common divisor of 3922319 and 979.
89
What is the highest common divisor of 3705 and 1029?
3
What is the greatest common divisor of 68193917 and 796?
199
Calculate the highest common factor of 985303 and 232441.
2057
Calculate the highest common divisor of 964369 and 1862.
49
What is the greatest common divisor of 43 and 41369655?
43
What is the highest common factor of 23793494 and 96462?
466
What is the highest common divisor of 41540 and 443920?
620
What is the highest common factor of 185472 and 77392?
112
What is the highest common factor of 208448 and 80896?
64
Calculate the greatest common factor of 57436056 and 504.
72
Calculate the greatest common divisor of 520 and 11523915.
65
Calculate the greatest common factor of 3539680 and 31520.
160
What is the highest common divisor of 3029 and 232154?
13
What is the highest common divisor of 34655 and 65500340?
1195
What is the highest common divisor of 11500551 and 153?
153
What is the greatest common divisor of 137618 and 16406?
26
Calculate the greatest common factor of 63 and 25025889.
21
What is the greatest common divisor of 55 and 1246630?
55
What is the greatest common divisor of 3611 and 628471?
157
Calculate the highest common factor of 34458264 and 2088.
2088
What is the greatest common divisor of 18462646 and 136?
34
Calculate the highest common divisor of 105 and 909225345.
105
Calculate the highest common divisor of 1695 and 183171870.
1695
Calculate the highest common divisor of 30058 and 35893546.
4294
Calculate the highest common divisor of 2184 and 432627.
39
Calculate the highest common divisor of 69 and 25823227.
23
What is the highest common factor of 148447 and 10413?
13
What is the highest common factor of 246 and 983107512?
246
What is the greatest common divisor of 18277 and 1345411?
373
Calculate the greatest common divisor of 20128 and 137122.
1258
What is the greatest common divisor of 24714820 and 35815?
1235
What is the highest common factor of 13513970 and 470?
10
What is the highest common divisor of 394560 and 114420?
60
What is the highest common divisor of 8114899 and 22763?
221
What is the greatest common divisor of 19026 and 19877338?
302
Calculate the greatest common factor of 10120 and 57002924.
1012
What is the greatest common factor of 118216974 and 1596?
114
What is the highest common divisor of 286702 and 897?
13
Calculate the highest common divisor of 837 and 7186482.
837
Calculate the greatest common divisor of 20298110 and 1330.
70
Calculate the highest common divisor of 121113733 and 2717.
247
What is the greatest common divisor of 26851298 and 2824?
706
Calculate the highest common divisor of 272 and 3987690.
34
What is the greatest common factor of 1755 and 222256905?
195
What is the greatest common divisor of 54981 and 502813463?
6109
Calculate the highest common factor of 11764749 and 94192.
841
Calculate the greatest common factor of 55 and 180611167.
11
Calculate the highest common factor of 7158820 and 20.
20
Calculate the highest common factor of 40 and 1318715.
5
Calculate the highest common factor of 284286598 and 1198.
1198
Calculate the highest common factor of 12227547 and 5859.
93
Calculate the highest common divisor of 125172 and 44234028.
2196
Calculate the greatest common factor of 98696205 and 540.
135
What is the highest common factor of 423827 and 321?
107
What is the greatest common factor of 131186841 and 3